 first derivative of h**3 - 2*h**2 + 2*h - 1. Suppose -6 = -6*w + 12. Let c be r(w). What is the highest common divisor of 17 and c?
17
Let z(q) = q**2 + 3. Let t be z(0). Suppose 18 = t*f - 15. Calculate the highest common divisor of f and 121.
11
Let y = 25 + -11. Let w(k) = k**3 + k**2 - 2*k - 1. Let q be w(-2). Let b be (y/(-2) + -2)/q. What is the highest common divisor of 9 and b?
9
Suppose 4*r + 4*u + 7 = r, 5*u = 5*r - 35. What is the greatest common factor of 1 and r?
1
Let d = -3 + -1. Let j(q) = 2*q**2 + 6*q + 1. Let a be j(d). What is the highest common factor of 6 and a?
3
Suppose n + 4 = 2*n, -5*y - 5*n = -50. Suppose 5*q = -3*u + 4*u - 11, 34 = 5*u - 4*q. What is the highest common divisor of u and y?
6
Let p = 25 + 19. Calculate the highest common divisor of p and 11.
11
Let l be 2/(14/(-16) + 1). Suppose -z + 24 = 2*z - 5*k, 2*k - 32 = -4*z. Calculate the greatest common divisor of z and l.
8
Let c = 21 + 39. What is the greatest common factor of c and 40?
20
Let r(s) = -4*s**2 + 6*s + 10. Let m(c) = -3*c**2 + 7*c + 11. Let l(v) = 3*m(v) - 2*r(v). Let g be l(10). Calculate the greatest common divisor of 6 and g.
3
Let w = 2 + 0. Suppose 0 = 3*n + 5*r + 9, 0 = 5*n - w*r - 2*r + 15. Let g be 15*(-3 + (-11)/n). Calculate the greatest common divisor of 2 and g.
2
Suppose -3*n = -4*k + k - 69, -2*k = -6. Calculate the greatest common factor of n and 65.
13
Suppose -o + 5*o = 56. Let d = -1 - -3. Let x be o - d - (2 - 1). Calculate the highest common factor of x and 33.
11
Suppose k - 1 = 5. Let w be k/12 - (-106)/4. Calculate the greatest common divisor of 81 and w.
27
Let u(w) = w**3 + 9*w**2 + 7*w - 4. Let p be u(-7). What is the highest common factor of p and 18?
9
Let n(y) = -y**2 - 7*y + 2. Let j be n(-6). Calculate the highest common factor of j and 16.
8
Let h be (-14)/(-2) + (1 - 4). Let j = 131 + -83. Let q be -3*(j/(-9))/4. Calculate the greatest common factor of h and q.
4
Suppose -2*u = 3*u - 25, -3*u + 3 = -3*t. Suppose 0 = -t*f + 49 + 143. What is the highest common factor of f and 24?
24
Suppose c - 2*c = -6. Suppose 0 = 2*g - c*g + 156. Let o = 57 + -31. Calculate the greatest common divisor of g and o.
13
Suppose 4*t + u + u - 8 = 0, -2*u = 2*t - 4. Suppose -5*a - t*r = -144, -2*a - 3*a + 2*r + 136 = 0. What is the highest common factor of 7 and a?
7
Let t be (-1)/2 + 21/2. Suppose -5*v - 100 = -4*j, 5*j = -2*v + 36 + 56. What is the highest common divisor of t and j?
10
Let g be 0 + (-12)/(-28) - 520/(-28). What is the greatest common factor of g and 1?
1
Let s(w) be the second derivative of -2*w**3/3 - 5*w**2 - 9*w. Let a be s(-6). What is the highest common factor of 14 and a?
14
Let n = -23 - -13. Let t be 24/n*40/(-3). Suppose l + 12 = t. Calculate the greatest common factor of l and 40.
20
Let m be (0 - 1)*6 + -3. Let k be (-1 + m)*5/(-10). What is the greatest common divisor of 55 and k?
5
Let g = -138 - -202. Calculate the greatest common divisor of g and 8.
8
Let o be (8/12)/(3/(-27)). Let b be (o/(-5))/(4/80). Calculate the greatest common divisor of 16 and b.
8
Let t(d) = -d**3 - 6*d**2 - 2*d - 1. Let q be t(-6). Calculate the greatest common divisor of q and 121.
11
Suppose 0 = -3*u + 55 + 47. Calculate the highest common divisor of u and 68.
34
Suppose -1 = -p + 4*u - 3, -3*u + 9 = 3*p. Suppose -20 = -4*h + p*o, 0 = 4*h - 5*h - 3*o + 5. What is the greatest common factor of h and 2?
1
Let l = -71 + 90. Let r(u) = -77*u - 1. Let b be r(-1). What is the greatest common divisor of b and l?
19
Suppose -2*c + 4*c = 16. Suppose -c*l = -4*l - 120. What is the greatest common factor of 12 and l?
6
Suppose -6*p - 2*p = -248. Calculate the highest common divisor of 31 and p.
31
Let q be ((-4)/(-5))/((-3)/(-330)). Let i = q - 52. Let a = -11 + 20. What is the greatest common factor of i and a?
9
Let b be (1/(-3))/(1/(-6)). Let a(d) = -b*d - 3 + 2*d**2 + 3*d - 2*d. Let j be a(3). What is the greatest common divisor of 132 and j?
12
Suppose -z = z + 12. Let x = 11 + z. Suppose -5*c = -0*c + x*w - 160, -2*c + 34 = -4*w. Calculate the highest common divisor of 18 and c.
9
Let g = 1182 + -832. Suppose -3*c + 4*t = -525, c - t - g = -c. Calculate the greatest common factor of 25 and c.
25
Let t(u) = u**2 + 2*u + 4. Let k be t(-2). Calculate the highest common factor of 68 and k.
4
Let k(c) = -c + 13. Let n be k(7). What is the highest common factor of n and 9?
3
Let v(o) be the second derivative of -3*o**3/2 - 2*o**2 - 3*o. Suppose -5*j - 21 = -1. Let b be v(j). Calculate the highest common divisor of 4 and b.
4
Let i = 13 + -6. Suppose 2*a - i*a + 150 = 0. What is the greatest common factor of a and 12?
6
Suppose w + 83 = 4*d, 5*d + 2*w + 27 - 134 = 0. Calculate the highest common factor of d and 63.
21
Suppose 3 = -h + 6. Let q be 2/(2/(0 - 2)). Let g = h - q. Calculate the greatest common factor of g and 35.
5
Let r(f) = 50*f**2 + f + 2. Let b be r(-2). What is the highest common factor of 25 and b?
25
Suppose -28 = 4*n + 2*v, -4*v = 4*n + v + 16. Let j be ((-60)/n)/((-6)/(-9)). Calculate the highest common divisor of 80 and j.
10
Let a be 2 + (-1 - 0) - -71. Calculate the highest common divisor of a and 48.
24
Suppose -386 - 236 = -2*u. Suppose t - 317 = -3*m + 4*m, -t + 4*m = -u. Calculate the highest common factor of 29 and t.
29
Suppose 0 = 2*g - 1 - 1. Suppose -2*s + g = -1. Let z be s/(-2) + 508/8. Calculate the highest common factor of 7 and z.
7
Let y be 4/22 - 555/(-33). What is the highest common divisor of y and 51?
17
Suppose -4*a = -2*a - 168. Suppose -5*n + 24 = n. Let j be 12/(((-8)/n)/(-2)). What is the greatest common factor of a and j?
12
Let d be (1*-3)/(2/(-4)). Suppose -2*x + d*x = 12. Let j(c) = -c**2 + 15*c - 13. Let h be j(14). Calculate the highest common divisor of h and x.
1
Suppose 3*d + 4*r - 393 + 13 = 0, 4*d - 536 = 2*r. Let u be d/10 - 2/10. Suppose -32 = -5*m + u. Calculate the highest common factor of 72 and m.
9
Suppose 12*i = 8*i + 3*b + 52, 3*i - 44 = b. Let s be (-1)/(-3) + 239/3. Calculate the greatest common divisor of s and i.
16
Let w be (1 + 2)*-16*21/(-14). Calculate the highest common divisor of 48 and w.
24
Let f be 5*(2 + (-12)/5). Let i be (2 - (-6)/f) + 25. Let q = 212 - 196. What is the highest common divisor of q and i?
8
Let h be 1 - 3 - -8 - -2. Suppose 3*m + 6 = -6, -2*m = x + 7. Calculate the greatest common divisor of h and x.
1
Let i(r) = 2*r**2. Let l be i(1). Let t(p) = 31*p + 2. Let h be t(l). Suppose 5*b - 84 = 4*s, b + b - 34 = 2*s. Calculate the highest common factor of h and b.
16
Let d be (16/(-2))/(-1*2). Let l(f) be the first derivative of 23*f**2/2 - 4*f - 1. Let w be l(d). What is the greatest common factor of w and 22?
22
Suppose -3*n - 5*r - 16 = 0, -4*n - 5*r - 12 - 1 = 0. What is the greatest common factor of n and 1?
1
Let a(j) = j**3 + 4*j**2 - 2*j - 7. Suppose 3*q - 4 = 4*q. Let k be a(q). What is the highest common divisor of 9 and k?
1
Suppose o = -t - 3, 3*o + 4*t + 4 = -8. Suppose -2*g - g - 157 = 5*q, -2*q - 3*g - 61 = o. Let l = 1 - q. What is the greatest common divisor of 22 and l?
11
Let w be 3/(-2)*(-12)/9. Calculate the highest common factor of w and 5.
1
Suppose 0*a = -5*a + 10. Suppose 5 = -i + 5*j, -2 = -a*i - j - 1. Suppose i*g = 2*g - 12. Calculate the greatest common divisor of g and 12.
6
Let o(y) = -y**2 - y + 27. Let v be o(0). Suppose -2*t + v = 5. Calculate the highest common factor of t and 88.
11
Let p be ((-96)/(-8))/((-2)/(-12)). What is the highest common factor of 9 and p?
9
Suppose 4*z - 88 = 104. What is the greatest common divisor of 6 and z?
6
Suppose i + 21 = 2*m - 41, i + 33 = m. Suppose 0 = 5*w + 4*q - 6*q - m, 2*w - 16 = 3*q. Suppose w*l - 29 = 26. Calculate the highest common factor of 33 and l.
11
Suppose 5*u - 4*b = -52, -3*u - 20 = 3*b - 5. Let v be (-16)/6*54/u. Calculate the greatest common factor of 9 and v.
9
Let r be (1 + (-3)/5)*30. Let f = -638 + 698. Calculate the highest common factor of r and f.
12
Let r(n) = 10*n**3 + n**2 - n + 1. Let s be r(1). Suppose -3*m = -4*m + s. Suppose 251 - 20 = 3*g. Calculate the highest common factor of g and m.
11
Let j be (-2)/(3 - (-1 + 5)). Suppose 3*t = 4*k - 71 + 8, -j*k + 45 = 3*t. What is the highest common factor of 9 and k?
9
Suppose 0 = -4*q - 0*